+ 0 - 13*j**2 + 1/24*j**4 - 1/60*j**5 + 1/6*j**3. Is c(1) composite?
False
Let n(b) = -b**3 + 10*b**2 + 81*b + 19. Is n(15) a composite number?
False
Let y(p) = -451*p**2 - 8*p + 4. Let i be y(3). Let o = 10428 + i. Is o a prime number?
False
Suppose -19*q + 46*q - 4*q - 2868445 = 0. Is q a prime number?
False
Let m(o) = -57456*o**3 - o**2 + 21*o + 23. Is m(-1) prime?
True
Let a = -726104 - -1354255. Is a a prime number?
False
Suppose 5*t - 3*o - 7156 - 6389 = 0, 0 = 4*t + 5*o - 10836. Let q = t + 3680. Is q a prime number?
True
Suppose -7866 = -14*h - 44070. Let i = h + 4949. Is i composite?
True
Suppose -72 - 18 = -18*k. Is 2429/(7/(35/k)) prime?
False
Suppose 0 = 3*y - 2*b + 23456, 2*y - 26*b + 27*b + 15642 = 0. Let r = y - -14623. Is r prime?
True
Let o = 118 - 115. Suppose o*q - 2*q = 0, 0 = x - 2*q - 3109. Is x composite?
False
Let t be (1*(-10)/4)/(15/(-30)). Suppose -3*h = 2*y + 909, t*y - h + 1247 = -983. Let d = y + 2248. Is d prime?
True
Let y be (-46)/(-69)*9*-1. Is (-7441)/(-2) - (-9)/y a composite number?
False
Let i be (352528/(-28))/(-2) + 2/(-14). Let y = 10256 - i. Is y a composite number?
True
Let c(f) = 43*f + 3 - 1 - 44*f. Let i be c(0). Suppose -1241 = -i*b + 537. Is b composite?
True
Suppose -3*y - 48 + 48 = 0. Suppose y = 41*a - 33*a - 11672. Is a composite?
False
Suppose 0 = 347*k - 304*k - 2639297. Is k a prime number?
True
Let y(c) = 136*c**3 - 3*c**2 - 6*c - 6. Let x be y(5). Suppose -13*a + 5*d = -15*a - 18658, 3*d + 37330 = -4*a. Let i = x + a. Is i a prime number?
False
Let h be (-2 - -3)/2*4/2. Suppose 6 = -g + h. Is (g + 2 - -6)/((-6)/(-526)) composite?
False
Suppose o + 25 = 5*h, 4*o - 2 = 2*h + 6. Is (52242/(-9))/((-4)/h) composite?
False
Suppose -3*i + 28313 = 4*w, 4*w - 18548 = -4*i + 9760. Is w composite?
True
Suppose w = 1057 - 4213. Let l be 43/3 + (-4641)/357 - 5323/3. Let r = l - w. Is r composite?
True
Let j be 1 - (-2 - (-2 + 1)). Suppose -6*l + j = -10. Suppose -5*b - l*b = -7049. Is b prime?
False
Suppose 30*d - 584777 - 2007253 = 0. Is d composite?
True
Suppose 2*b - 60 - 60 = i, 0 = -3*b + 2*i + 181. Let s = b + -57. Suppose -c = 2*v - 8 - 13, v - s*c = 8. Is v a composite number?
True
Suppose 61*m - 23513103 = 2*m + 11548886. Is m a composite number?
False
Suppose -3*m - 20*l + 19*l + 914247 = 0, 5*l = -4*m + 1219018. Is m prime?
False
Let g(v) = 4491*v - 25. Let b(y) = -2245*y + 12. Let p(u) = -5*b(u) - 2*g(u). Let w be p(2). Suppose a - 5*a = -w. Is a a prime number?
False
Let o = 524048 - 354976. Suppose 0 = 126*v - 142*v + o. Is v a composite number?
False
Let c(b) = -14*b + 227 + 2*b - 216. Let d be c(22). Let z = d - -956. Is z a prime number?
False
Let j be (-7)/(21/9) + -3. Let h be (-9)/j*(-8)/(-6). Is (19788/(-36))/(1/(-6)*h) a prime number?
False
Let u(t) = 7*t - 6. Let r be u(1). Let j be -1715 - ((-4 - -3) + -1)/r. Let h = -376 - j. Is h prime?
False
Let c = -3 - -36. Suppose -12*o + c = -27. Suppose 10999 = 3*y + o*f - 4128, -4*y + f = -20154. Is y a prime number?
True
Let v(d) = 7*d - 5*d + 1 + 3*d + 70*d. Suppose 24*o - 24 = 20*o. Is v(o) composite?
True
Suppose -1579266 = -48*r - 263*r + 15422171. Is r composite?
False
Suppose -8*d + 2*d = 0. Suppose d = 14*x - 11*x - 6. Is 7098/56 + x/8 composite?
False
Suppose 0 = -r - 5*c + 34348, 4*r - 2*r - 68701 = -9*c. Is r composite?
True
Suppose -175*l + 77494353 - 9015698 = -16809870. Is l prime?
True
Suppose 0 = 6*t - 5*v - 5195, -6*v + 9*v + 3463 = 4*t. Is t composite?
True
Is 26330/50 - ((-8)/(-28))/((-5)/7) prime?
False
Suppose 5*k - 1526 = 1664. Suppose -2*u + 3*w + 1296 = -6*u, -2*u + w = k. Let n = 950 + u. Is n a composite number?
True
Let d(b) = -8*b + 157. Let q be d(-6). Let f = q + 658. Is f prime?
True
Let x(h) = 214*h + 4. Let u be x(1). Suppose -46 = -q - z + 77, 0 = 2*q - 5*z - u. Suppose -7*m + q + 42 = 0. Is m composite?
False
Let h = 456 + -166. Let d = h + -69. Is d a prime number?
False
Let a(t) = t - 21. Let u be a(25). Suppose -2*f - 3*r + 66 = -4*f, u*r + 188 = -5*f. Is 3511/2 + -1 - f/(-72) a prime number?
False
Let j(c) = 7*c**3 + 179*c**2 - 257*c - 2. Is j(51) prime?
True
Let b(q) = 2*q - 1. Let s be b(-1). Let u = -3449 + -3243. Is 2/(u/(-2228) + s) composite?
False
Suppose -19*o + 13319 = -84132. Is o a prime number?
False
Let o = 1186232 - 607593. Is o a composite number?
True
Suppose s = 5*s - 1120. Let l be 4/(-22) + s/88. Suppose 4*o - l*i - 2*i - 1286 = 0, 4*i + 965 = 3*o. Is o prime?
False
Is ((-3)/(-12))/(6/18550776) a composite number?
False
Suppose -4*n - 8*n = 0. Suppose 13*o - 42115 - 13668 = n. Is o a composite number?
True
Suppose -2524 = -2*q + 1468. Suppose 9*f - 13*f = -q. Suppose -f = -10*l + 9081. Is l prime?
False
Suppose 0 = -g - 5*s + 11019, -473*s = g - 477*s - 10983. Is g prime?
False
Let v(u) = -u**3 - 13*u**2 + u + 15. Let f be v(-13). Suppose -10 = f*w + 2*l, 2*w + 2*w - l = 5. Is (-612 + w)/(-2) + (2 - 1) a composite number?
False
Suppose -72*m + 75*m - 137441 = -5*j, 2*m + 4*j - 91626 = 0. Is m composite?
False
Let o = 343390 - -162477. Is o a prime number?
True
Let x(l) = -2*l**3 - 3*l**2. Let g be x(-2). Suppose 5*y + 109 = 139. Suppose -133 = -i - g*h + y*h, -276 = -2*i + 2*h. Is i a prime number?
False
Let n be 0 + 3/3 - -3. Suppose 2*s + 2*a - 4 = 0, 4*a - 2*a = -3*s + n. Suppose 4*p + h + 1020 - 2900 = s, -5*h = -4*p + 1856. Is p composite?
True
Suppose 2*h + h + z - 1870 = 0, 0 = h + 4*z - 627. Let d be (5/(-3))/((-3)/(1 - 37)). Is 10/d + h/2 prime?
True
Suppose s + 0 = d + 1, 0 = 3*s + 3*d - 15. Suppose s*p = -6, 3*n - 6*n = -4*p - 14. Suppose h = -h - n*c + 1614, 5*h - 3995 = 3*c. Is h prime?
False
Let z be (-42)/4*8936/6 + 2. Let a(x) = x**3 - 17*x**2 + 29*x - 15. Let r be a(15). Is z/r - 1/5 a prime number?
True
Let d = -39070 - -74837. Is d a prime number?
False
Let z be 244 - (-1)/((-5)/20). Suppose 77 = -0*c - c + 3*u, 5*u = -4*c - z. Let v = c + 600. Is v composite?
True
Suppose -4*c = -k + 7511, 5*k + 5*c - 1814 - 35616 = 0. Suppose -5*m = 7*a - k, 0*m + 4304 = 4*a - 3*m. Is a composite?
True
Is 938*4628/24 - (-6)/(-9) composite?
True
Suppose 43*m - 8*m - 336912 = -13*m. Is m a prime number?
True
Let x be 9 + -4 - (1 - -643). Let b = -431 - x. Let i = -123 + b. Is i a composite number?
True
Let q = -9626 + 4846. Let j = -2327 - q. Is j prime?
False
Suppose 3*w - 3*f = 9144, 5*w = 2*f - 3133 + 18385. Let l(s) = 74*s**3 + 5*s**2 + 3*s - 3. Let x be l(-3). Let t = x + w. Is t a composite number?
False
Let t be 6 + -1 + -9 + 3. Let u(y) = 6189*y**2 + 5*y + 1. Is u(t) a composite number?
True
Suppose -16*x + 15452 = 63644. Let d = 5191 + x. Is d prime?
True
Let t(m) = -9*m - 83. Let l be t(-11). Let u(w) = 9*w**2 + 14*w + 41. Is u(l) composite?
True
Let o(p) = -802*p**3 - 17*p**2 - 56*p + 13. Is o(-6) composite?
False
Let x = 408 - -527. Let y = -465 + x. Suppose 0 = -3*m + g + 1098, 5*m - 5*g + y - 2290 = 0. Is m composite?
False
Let n be 68/18 - ((-14)/(-18) - 1). Suppose 0 = 5*q - 4*y - 52, 5*q + n*y - 25 = -y. Suppose 33471 = q*a + a. Is a prime?
True
Is (-10 - -5) + 3962972/26 composite?
False
Let a(b) = -2*b**3 - 8*b**2 - 2*b - 6. Let c be a(-4). Suppose 3*u - 5*g - 1965 = 1106, -g + 2056 = c*u. Is u a prime number?
False
Suppose 0 = -5*k + 4*k. Suppose -3*p - 2*o + 5798 = k, -o = -3*o - 4. Is p a composite number?
True
Let t(h) = -315*h + 5. Let f(o) = -629*o + 10. Let m be 6/8 - 115/20. Let i(y) = m*t(y) + 3*f(y). Is i(-2) composite?
True
Suppose 86*y - 109336 = 78*y. Is y a prime number?
False
Suppose -3*v + 38*b = 42*b - 365019, -2*v + 4*b = -243386. Is v composite?
True
Let o = 12807 - 2757. Let g = o + -3289. Is g composite?
False
Let u(s) = -3*s - 10. Let b be u(-5). Suppose 8 = -b*l + 18. Suppose -r - m - m = -289, -5*r + l*m = -1433. Is r a prime number?
False
Suppose 109*h - 653887 = -72808. Is h a prime number?
False
Let x = -23 - -30. Suppose 5*n + 6 = x*n. Suppose -n*w + 13*w - 13710 = 0. Is w a composite number?
True
Let y = -545 - -563. Is 4/y - 2483670/(-270) prime?
True
Let y(l) be the second derivative of -114*l**3 + 43*l**2/2 + 2*l - 6. Is y(-3) composite?
True
Suppose 4*l = 2*n - 41546, -5*n - 5*l + 0*l + 103910 = 0. Is n prime?
False
Let a(m) = -179*m + 57. Let l = -8 + 76. Suppose -l*z + 10 = -69*z. Is a(z) a composite number?
False
Let